 divided by 29870?
30
Calculate the remainder when 44953 is divided by 338.
337
Calculate the remainder when 244931 is divided by 17.
12
Calculate the remainder when 66263 is divided by 33118.
27
What is the remainder when 19066 is divided by 70?
26
Calculate the remainder when 459443 is divided by 854.
845
Calculate the remainder when 18120 is divided by 114.
108
What is the remainder when 8680 is divided by 4333?
14
What is the remainder when 152 is divided by 13?
9
Calculate the remainder when 2047 is divided by 1021.
5
Calculate the remainder when 7508 is divided by 1877.
0
Calculate the remainder when 24734 is divided by 12286.
162
Calculate the remainder when 11612 is divided by 11605.
7
Calculate the remainder when 120292 is divided by 41.
39
What is the remainder when 39345 is divided by 393?
45
Calculate the remainder when 28964 is divided by 5792.
4
What is the remainder when 34262 is divided by 16?
6
Calculate the remainder when 27950 is divided by 13969.
12
What is the remainder when 81747 is divided by 30?
27
Calculate the remainder when 26952 is divided by 690.
42
Calculate the remainder when 7392 is divided by 346.
126
Calculate the remainder when 2593 is divided by 243.
163
What is the remainder when 1688 is divided by 552?
32
What is the remainder when 32104 is divided by 10689?
37
Calculate the remainder when 7651 is divided by 134.
13
Calculate the remainder when 154192 is divided by 131.
5
What is the remainder when 5106 is divided by 5049?
57
What is the remainder when 3541 is divided by 1165?
46
Calculate the remainder when 96437 is divided by 96435.
2
Calculate the remainder when 742 is divided by 228.
58
What is the remainder when 292326 is divided by 34?
28
What is the remainder when 1579 is divided by 161?
130
Calculate the remainder when 4398 is divided by 349.
210
Calculate the remainder when 2100 is divided by 417.
15
Calculate the remainder when 10565 is divided by 173.
12
What is the remainder when 107234 is divided by 501?
20
What is the remainder when 66005 is divided by 35?
30
What is the remainder when 1054 is divided by 437?
180
Calculate the remainder when 7518 is divided by 995.
553
What is the remainder when 20948 is divided by 2323?
41
Calculate the remainder when 252893 is divided by 20.
13
What is the remainder when 28191 is divided by 28187?
4
What is the remainder when 1232 is divided by 46?
36
Calculate the remainder when 26286 is divided by 3716.
274
Calculate the remainder when 2183 is divided by 1081.
21
Calculate the remainder when 10976 is divided by 5488.
0
What is the remainder when 8147 is divided by 1072?
643
What is the remainder when 27032 is divided by 2077?
31
What is the remainder when 176616 is divided by 7359?
0
Calculate the remainder when 13350 is divided by 1026.
12
What is the remainder when 83770 is divided by 471?
403
Calculate the remainder when 7430 is divided by 2469.
23
Calculate the remainder when 10710 is divided by 34.
0
Calculate the remainder when 17577 is divided by 467.
298
What is the remainder when 4535 is divided by 28?
27
What is the remainder when 113694 is divided by 544?
542
What is the remainder when 43968 is divided by 468?
444
Calculate the remainder when 7537 is divided by 418.
13
Calculate the remainder when 3077 is divided by 822.
611
Calculate the remainder when 431084 is divided by 435.
434
Calculate the remainder when 1124 is divided by 96.
68
Calculate the remainder when 3472 is divided by 1315.
842
What is the remainder when 950 is divided by 907?
43
Calculate the remainder when 3213 is divided by 704.
397
What is the remainder when 514320 is divided by 269?
261
What is the remainder when 1701 is divided by 275?
51
Calculate the remainder when 2964 is divided by 609.
528
What is the remainder when 3375 is divided by 21?
15
Calculate the remainder when 3327 is divided by 664.
7
Calculate the remainder when 690 is divided by 121.
85
What is the remainder when 12643 is divided by 1053?
7
Calculate the remainder when 208083 is divided by 202.
23
Calculate the remainder when 2104 is divided by 448.
312
What is the remainder when 487965 is divided by 552?
549
What is the remainder when 1610093 is divided by 402523?
1
Calculate the remainder when 1475 is divided by 348.
83
What is the remainder when 1780 is divided by 13?
12
Calculate the remainder when 1821 is divided by 57.
54
What is the remainder when 214 is divided by 69?
7
What is the remainder when 2875409 is divided by 788?
785
Calculate the remainder when 5192 is divided by 278.
188
What is the remainder when 1312628 is divided by 211?
208
What is the remainder when 331 is divided by 86?
73
What is the remainder when 28676 is divided by 9542?
50
What is the remainder when 15592 is divided by 138?
136
Calculate the remainder when 114410 is divided by 38128.
26
Calculate the remainder when 25102 is divided by 1566.
46
Calculate the remainder when 632488 is divided by 111.
10
What is the remainder when 4347 is divided by 4341?
6
Calculate the remainder when 583 is divided by 125.
83
What is the remainder when 17474 is divided by 8?
2
What is the remainder when 29318 is divided by 59?
54
Calculate the remainder when 31004 is divided by 304.
300
What is the remainder when 1093576 is divided by 521?
518
Calculate the remainder when 1473 is divided by 463.
84
What is the remainder when 10489 is divided by 43?
40
What is the remainder when 638591 is divided by 115?
111
What is the remainder when 2063 is divided by 1685?
378
What is the remainder when 60447 is divided by 32?
31
What is the remainder when 29985 is divided by 728?
137
What is the remainder when 435940 is divided by 177?
166
Calculate the remainder when 39327 is divided by 587.
585
Calculate the remainder when 75975 is divided by 10.
5
What is the remainder when 7080 is divided by 236?
0
Calculate the remainder when 446 is divided by 423.
23
What is the remainder when 3290 is divided by 899?
593
What is the remainder when 307 is divided by 146?
15
What is the remainder when 2401 is divided by 392?
49
Calculate the remainder when 13983 is divided by 137.
9
What is the remainder when 11294 is divided by 351?
62
Calculate the remainder when 1038 is divided by 455.
128
What is the remainder when 7935 is divided by 440?
15
Calculate the remainder when 5078 is divided by 1285.
1223
What is the remainder when 73553 is divided by 3671?
133
What is the remainder when 2264540 is divided by 216?
212
Calculate the remainder when 142814 is divided by 1190.
14
Calculate the remainder when 1272 is divided by 951.
321
What is the remainder when 7890 is divided by 100?
90
What is the remainder when 45936 is divided by 72?
0
What is the remainder when 1140 is divided by 95?
0
What is the remainder when 1878 is divided by 16?
6
Calculate the remainder when 48959 is divided by 6115.
39
Calculate the remainder when 12753 is divided by 58.
51
What is the remainder when 142075 is divided by 700?
675
What is the remainder when 3431 is divided by 485?
36
What is the remainder when 59566 is divided by 272?
270
Calculate the remainder when 4389 is divided by 256.
37
Calculate the remainder when 7173 is divided by 1167.
171
Calculate the remainder when 2795 is divided by 133.
2
Calculate the remainder when 63286 is divided by 15819.
10
Calculate the remainder when 2447137 is divided by 20.
17
What is the remainder when 168633 is divided by 4818?
3
What is the remainder when 44631 is divided by 185?
46
Calculate the remainder when 4370 is divided by 310.
30
What is the remainder when 36420 is divided by 2142?
6
What is the remainder when 13508 is divided by 1122?
44
What is the remainder when 4102 is divided by 99?
43
What is the remainder when 173095 is divided by 485?
435
What is the remainder when 106790 is divided by 1007?
48
What is the remainder when 288791 is divided by 21?
20
What is the remainder when 39599 is divided by 25?
24
Calculate the remainder when 48149 is divided by 1658.
67
What is the remainder when 505773 is divided by 48?
45
What is the remainder when 56759 is divided by 88?
87
What is the remainder when 11739 is divided by 489?
3
What is the remainder when 3836708 is divided by 553?
547
Calculate the remainder when 6031 is divided by 82.
45
W